{"id":172,"date":"2020-10-14T15:38:10","date_gmt":"2020-10-14T13:38:10","guid":{"rendered":"https:\/\/relaunch.ponten-weber.de\/?page_id=172"},"modified":"2020-12-19T14:11:27","modified_gmt":"2020-12-19T13:11:27","slug":"smart-home-%c2%b7-hausautomatisierung","status":"publish","type":"page","link":"https:\/\/ponten-weber.de\/?page_id=172","title":{"rendered":"Smart Home  \u00b7  Hausautomatisierung"},"content":{"rendered":"\n<p>Seit vielen Jahren h\u00f6ren auch Sie sicherlich den Begriff \u201eSmart Home\u201c. Wann dieser zum ersten Mal verwendet wurde ist heute nicht mehr nachzuvollziehen, aber die ersten Ger\u00e4te und Produkte um diesen Begriff herum halten seit der Jahrtausendwende mehr und mehr Einzug in unseren Alltag. Die Technologie in diesem Bereich des sogenannten \u201eInternet of Things\u201c (IoT) macht rasante Fortschritte. Smart Home steht daneben auch in enger Verbindung zum \u201eSmart Metering\u201c, also der Messung und intelligenten Steuerung des Energieverbrauchs.<\/p>\n\n\n\n<div class=\"wp-block-image\"><figure class=\"alignleft size-large is-resized\"><img loading=\"lazy\" decoding=\"async\" src=\"https:\/\/ponten-weber.de\/wp-content\/uploads\/2020\/10\/Bild-von-Peggy-und-Marco-Lachmann-Anke-auf-Pixabay-Solar-Automation-1834135-1024x1024.jpg\" alt=\"\" class=\"wp-image-400\" width=\"197\" height=\"197\" srcset=\"https:\/\/ponten-weber.de\/wp-content\/uploads\/2020\/10\/Bild-von-Peggy-und-Marco-Lachmann-Anke-auf-Pixabay-Solar-Automation-1834135-1024x1024.jpg 1024w, https:\/\/ponten-weber.de\/wp-content\/uploads\/2020\/10\/Bild-von-Peggy-und-Marco-Lachmann-Anke-auf-Pixabay-Solar-Automation-1834135-300x300.jpg 300w, https:\/\/ponten-weber.de\/wp-content\/uploads\/2020\/10\/Bild-von-Peggy-und-Marco-Lachmann-Anke-auf-Pixabay-Solar-Automation-1834135-scaled-100x100.jpg 100w, https:\/\/ponten-weber.de\/wp-content\/uploads\/2020\/10\/Bild-von-Peggy-und-Marco-Lachmann-Anke-auf-Pixabay-Solar-Automation-1834135-scaled-600x600.jpg 600w, https:\/\/ponten-weber.de\/wp-content\/uploads\/2020\/10\/Bild-von-Peggy-und-Marco-Lachmann-Anke-auf-Pixabay-Solar-Automation-1834135-150x150.jpg 150w, https:\/\/ponten-weber.de\/wp-content\/uploads\/2020\/10\/Bild-von-Peggy-und-Marco-Lachmann-Anke-auf-Pixabay-Solar-Automation-1834135-768x768.jpg 768w, https:\/\/ponten-weber.de\/wp-content\/uploads\/2020\/10\/Bild-von-Peggy-und-Marco-Lachmann-Anke-auf-Pixabay-Solar-Automation-1834135-1536x1536.jpg 1536w, https:\/\/ponten-weber.de\/wp-content\/uploads\/2020\/10\/Bild-von-Peggy-und-Marco-Lachmann-Anke-auf-Pixabay-Solar-Automation-1834135-2048x2048.jpg 2048w\" sizes=\"(max-width: 197px) 100vw, 197px\" \/><\/figure><\/div>\n\n\n\n<p>Smart Home hei\u00dft \u00fcbersetzt \u201ekluges\u201d oder \u201eintelligentes Heim\u201d. Dies scheint sich als Oberbegriff in der \u00d6ffentlichkeit durchzusetzen, obwohl man in Zusammenhang mit Marketingaktivit\u00e4ten von vielen Herstellern auch Synonyme, wie \u201eSmart living\u201c, \u201eIntelligent Home\u201c, \u201eintelligentes Wohnen\u201c oder \u201eeHome\u201c finden kann, die woanders nicht auftauchen.<\/p>\n\n\n\n<p>Unter Smart Home werden Systeme und Verfahren in Wohnungen und H\u00e4usern verstanden, die nicht nur den Komfort und die Lebensqualit\u00e4t steigern, sondern auch f\u00fcr mehr Sicherheit und \u00f6konomisch wie \u00f6kologisch implizierte Energieeffizienz sorgen sollen. Dies geschieht auf der Basis miteinander und nach au\u00dfen vernetzter Ger\u00e4te, Installationen und automatisierter Abl\u00e4ufe, die zu Hause \u00fcber ein Panel oder aus der Ferne mit dem Smartphone oder Tablet gesteuert werden k\u00f6nnen.<\/p>\n\n\n\n<h4 class=\"wp-block-heading\">Was geh\u00f6rt zum Smart Home?<\/h4>\n\n\n\n<p>Um ein funktionst\u00fcchtiges Smart Home aufzubauen, ben\u00f6tigen Sie f\u00fcnf Komponenten bzw. Gruppen von Komponenten. Dazu z\u00e4hlen die&nbsp;Endger\u00e4te, die&nbsp;Eingabeger\u00e4te, Sensoren, die&nbsp;Vernetzungstechnologie via Funk oder Kabel&nbsp;sowie als zentrale Steuerungseinheit ein so genanntes&nbsp;Gateway. Teilweise ist heutzutage auch noch die Verwendung mehrerer Gateways parallel notwendig, da nicht alle Hersteller mit offenen technischen Standards arbeiten, die eine wirklich zentrale Steuerung ohne weiteres m\u00f6glich machen w\u00fcrden<\/p>\n\n\n\n<h4 class=\"wp-block-heading\">Was z\u00e4hlt als Endger\u00e4t?<\/h4>\n\n\n\n<p>Endger\u00e4te oder Aktonen, umfassen alle Ger\u00e4te, die in die intelligente Hausautomatisierung miteinbezogen werden sollen. Dazu z\u00e4hlen&nbsp;Heizungs-, Klima- und L\u00fcftungsanlagen, Wasserversorgung, Gartenbew\u00e4sserung, Innen- und Au\u00dfenbeleuchtung, Rolll\u00e4den, Tore&nbsp;und&nbsp;Jalousien, Kameras, Medien&nbsp;wie&nbsp;Mehr-Raum-Musiksysteme, Digitalreceiver&nbsp;oder&nbsp;Fernseher, Waschmaschinen, K\u00fchlschr\u00e4nke, Herde&nbsp;oder&nbsp;T\u00fcrsprechanlagen und vieles mehr.<\/p>\n\n\n\n<h4 class=\"wp-block-heading\">Wie kann ich mein Smart Home steuern und welche Funktionen erhalte ich?<\/h4>\n\n\n\n<figure class=\"wp-block-image size-large\"><img loading=\"lazy\" decoding=\"async\" width=\"1024\" height=\"382\" src=\"https:\/\/ponten-weber.de\/wp-content\/uploads\/2020\/10\/smarthome_steuerung_nutzungsanteil-1024x382.png\" alt=\"\" class=\"wp-image-174\" srcset=\"https:\/\/ponten-weber.de\/wp-content\/uploads\/2020\/10\/smarthome_steuerung_nutzungsanteil-1024x382.png 1024w, https:\/\/ponten-weber.de\/wp-content\/uploads\/2020\/10\/smarthome_steuerung_nutzungsanteil-600x224.png 600w, https:\/\/ponten-weber.de\/wp-content\/uploads\/2020\/10\/smarthome_steuerung_nutzungsanteil-300x112.png 300w, https:\/\/ponten-weber.de\/wp-content\/uploads\/2020\/10\/smarthome_steuerung_nutzungsanteil-768x287.png 768w, https:\/\/ponten-weber.de\/wp-content\/uploads\/2020\/10\/smarthome_steuerung_nutzungsanteil.png 1339w\" sizes=\"(max-width: 1024px) 100vw, 1024px\" \/><\/figure>\n\n\n\n<p>Ob&nbsp;klassische Schalter an der Wand,&nbsp;Touchdisplays im Flur,&nbsp;Spracheingabe, Tablets oder Smartphones&nbsp;\u2013 f\u00fcr die&nbsp;Eingabe der Steuerungsbefehle&nbsp;gibt es mehrere M\u00f6glichkeiten. Die Eingabeger\u00e4te dienen als&nbsp;Schnittstelle zwischen Mensch und Smart Home System, mit denen&nbsp;Anweisungen \u00fcbermittelt, aber auch Endger\u00e4te auf ihre&nbsp;ordnungsgem\u00e4\u00dfe Funktion \u00fcberpr\u00fcft&nbsp;werden k\u00f6nnen. Sind die Lichter im Keller aus? Stimmt die Temperatur im Wohnzimmer? Haben sich die Rolll\u00e4den im Erdgeschoss geschlossen? Ist die Gartenpumpe eingeschaltet bevor die Gartenbew\u00e4sserung eingeschaltet werden soll? All dies kann kontrolliert und bei Bedarf \u00fcber die entsprechende App oder vollautomatisch korrigiert werden.<\/p>\n\n\n\n<h4 class=\"wp-block-heading\">Wie helfen Sensoren bei der benutzerunabh\u00e4ngigen Steuerung?<\/h4>\n\n\n\n<div class=\"wp-block-image\"><figure class=\"alignright size-large is-resized\"><img loading=\"lazy\" decoding=\"async\" src=\"https:\/\/ponten-weber.de\/wp-content\/uploads\/2020\/10\/Image-by-Rudy-and-Peter-Skitterians-from-Pixabay-_living-kitchen-2165756-1024x678.jpg\" alt=\"\" class=\"wp-image-329\" width=\"409\" height=\"270\" srcset=\"https:\/\/ponten-weber.de\/wp-content\/uploads\/2020\/10\/Image-by-Rudy-and-Peter-Skitterians-from-Pixabay-_living-kitchen-2165756-1024x678.jpg 1024w, https:\/\/ponten-weber.de\/wp-content\/uploads\/2020\/10\/Image-by-Rudy-and-Peter-Skitterians-from-Pixabay-_living-kitchen-2165756-scaled-600x398.jpg 600w, https:\/\/ponten-weber.de\/wp-content\/uploads\/2020\/10\/Image-by-Rudy-and-Peter-Skitterians-from-Pixabay-_living-kitchen-2165756-300x199.jpg 300w, https:\/\/ponten-weber.de\/wp-content\/uploads\/2020\/10\/Image-by-Rudy-and-Peter-Skitterians-from-Pixabay-_living-kitchen-2165756-768x509.jpg 768w, https:\/\/ponten-weber.de\/wp-content\/uploads\/2020\/10\/Image-by-Rudy-and-Peter-Skitterians-from-Pixabay-_living-kitchen-2165756-1536x1017.jpg 1536w, https:\/\/ponten-weber.de\/wp-content\/uploads\/2020\/10\/Image-by-Rudy-and-Peter-Skitterians-from-Pixabay-_living-kitchen-2165756-2048x1356.jpg 2048w, https:\/\/ponten-weber.de\/wp-content\/uploads\/2020\/10\/Image-by-Rudy-and-Peter-Skitterians-from-Pixabay-_living-kitchen-2165756-120x80.jpg 120w\" sizes=\"(max-width: 409px) 100vw, 409px\" \/><\/figure><\/div>\n\n\n\n<p>Die Sensoren sind notwendig, um die&nbsp;Ist-Zust\u00e4nde der Endger\u00e4te&nbsp;und ihrer&nbsp;Funktionen zu registrieren bzw. bei bestimmten Werten Meldungen an das Gateway zu liefern.&nbsp;Stellt beispielsweise ein Sensor fest, dass es anf\u00e4ngt zu regnen, pr\u00fcfen andere Sensoren, ob T\u00fcren und Fenster geschlossen sind. Falls nicht, wird der entsprechende Befehl erteilt. Ein anderer Sensor liefert die Info, dass die gew\u00fcnschte Raumtemperatur erreicht wurde. Daraufhin wird die Heizung heruntergeregelt. Auch k\u00f6nnen Sie beispielsweise einstellen, dass beim Verlassen der letzten Person im Haus alle Lichter ausgeschaltet werden, die Heizung abgesenkt wird und die Rollladen geschlossen werden. Erreicht im Sommer die Sonne einen bestimmten Stand und ist gleichzeitig die Au\u00dfentemperatur ausreichend hoch, werden beispielsweise alle Jalousien an der S\u00fcdwestseite abgesenkt. Der Akku des Elektroautos wird nur aufgeladen, wenn die Solarzellen auf dem Dach daf\u00fcr genug \u00fcbersch\u00fcssige Energie produzieren und die Batterie des Hauskraftwerks bereits voll ist.<\/p>\n\n\n\n<p>Jede Funktion des Smart Home Systems ben\u00f6tigt also ihre spezifischen Sensoren. Viele Sensoren sind heutzutage schon in neuen Ger\u00e4ten eingebaut, oder k\u00f6nnen einfach nachger\u00fcstet werden, wenn die Ger\u00e4te gut zug\u00e4nglich sind. F\u00fcr Elektroinstallationsarbeiten in diesem Zusammenhang arbeiten wir mit einem vertrauensvollen Partner vor Ort zusammen.<\/p>\n\n\n\n<h4 class=\"wp-block-heading\">Kann ich das nachr\u00fcsten oder muss ich viele neue Kabel verlegen lassen?<\/h4>\n\n\n\n<div class=\"wp-block-image\"><figure class=\"alignright size-large is-resized\"><img loading=\"lazy\" decoding=\"async\" src=\"https:\/\/ponten-weber.de\/wp-content\/uploads\/2020\/10\/Bild-von-Peggy-und-Marco-Lachmann-Anke-auf-Pixabay-Tablet-Display-1889065-1024x1024.jpg\" alt=\"\" class=\"wp-image-395\" width=\"205\" height=\"205\" srcset=\"https:\/\/ponten-weber.de\/wp-content\/uploads\/2020\/10\/Bild-von-Peggy-und-Marco-Lachmann-Anke-auf-Pixabay-Tablet-Display-1889065-1024x1024.jpg 1024w, https:\/\/ponten-weber.de\/wp-content\/uploads\/2020\/10\/Bild-von-Peggy-und-Marco-Lachmann-Anke-auf-Pixabay-Tablet-Display-1889065-300x300.jpg 300w, https:\/\/ponten-weber.de\/wp-content\/uploads\/2020\/10\/Bild-von-Peggy-und-Marco-Lachmann-Anke-auf-Pixabay-Tablet-Display-1889065-scaled-100x100.jpg 100w, https:\/\/ponten-weber.de\/wp-content\/uploads\/2020\/10\/Bild-von-Peggy-und-Marco-Lachmann-Anke-auf-Pixabay-Tablet-Display-1889065-scaled-600x600.jpg 600w, https:\/\/ponten-weber.de\/wp-content\/uploads\/2020\/10\/Bild-von-Peggy-und-Marco-Lachmann-Anke-auf-Pixabay-Tablet-Display-1889065-150x150.jpg 150w, https:\/\/ponten-weber.de\/wp-content\/uploads\/2020\/10\/Bild-von-Peggy-und-Marco-Lachmann-Anke-auf-Pixabay-Tablet-Display-1889065-768x768.jpg 768w, https:\/\/ponten-weber.de\/wp-content\/uploads\/2020\/10\/Bild-von-Peggy-und-Marco-Lachmann-Anke-auf-Pixabay-Tablet-Display-1889065-1536x1536.jpg 1536w, https:\/\/ponten-weber.de\/wp-content\/uploads\/2020\/10\/Bild-von-Peggy-und-Marco-Lachmann-Anke-auf-Pixabay-Tablet-Display-1889065-2048x2048.jpg 2048w\" sizes=\"(max-width: 205px) 100vw, 205px\" \/><\/figure><\/div>\n\n\n\n<p>Die Vernetzung ist notwendig, damit alle Endger\u00e4te miteinander und mit dem Gateway kommunizieren k\u00f6nnen. Hier dominieren Funk- und kabelgebundene Smart Home Systeme. Wenn Sie sich f\u00fcr eine kabelgebundene L\u00f6sung entscheiden, ben\u00f6tigen Sie eine ausgekl\u00fcgelte Planung, um nicht nur f\u00fcr gegenw\u00e4rtige, sondern auch zuk\u00fcnftige Situationen vorbereitet zu sein. Funkgesteuerte L\u00f6sungen, \u00fcber bestimmte Protokolle wie ZigBee oder \u00fcber WLAN, eignen sich vor allem f\u00fcr Bestandsgeb\u00e4ude oder Altbauten, da hier nicht in die Bausubstanz eingegriffen werden muss. Sie sind auch f\u00fcr Mietwohnungen von Vorteil, denn bei einem Umzug nehmen Sie sie einfach mit und installieren sie im neuen Heim.<\/p>\n\n\n\n<h4 class=\"wp-block-heading\">Wo laufen die Daten zusammen und kann ich das von au\u00dfen steuern?<\/h4>\n\n\n\n<p>Die&nbsp;Schalt- und Kommunikationszentrale&nbsp;Ihres Smart Home Systems&nbsp;empf\u00e4ngt s\u00e4mtliche Sensordaten&nbsp;und&nbsp;vergleicht diese mit den Soll-Werten.&nbsp;Bei Bedarf&nbsp;erteilt das&nbsp;Gateway Befehle an die jeweiligen Endger\u00e4te. Gleichzeitig ist es die&nbsp;Schnittstelle zu den Eingabeger\u00e4ten. Je nach Ausstattung k\u00f6nnen einzelne Endger\u00e4te dar\u00fcber auch direkt angesteuert werden. Eine eventuelle Anbindung des Systems ans Internet erfolgt ebenfalls \u00fcber das Gateway.<\/p>\n\n\n\n<h4 class=\"wp-block-heading\">Antworten und Beispiele erhalten Sie bei uns:<br>Sprechen Sie uns an und kommen Sie vorbei!<\/h4>\n\n\n\n<p>Smart Home L\u00f6sungen gibt es mittlerweile f\u00fcr nahezu jeden Bereich in Haus und Wohnung und fast t\u00e4glich kommen neue hinzu. Viele exemplarische Anwendungsbereiche, k\u00f6nnen Sie sich in einem pers\u00f6nlichen Gespr\u00e4ch mit uns auch vor Ort ansehen.<\/p>\n\n\n\n<p>F\u00fcr die Umsetzung von Arbeiten, die in Deutschland nur von Elektromeisterbetrieben durchgef\u00fchrt werden d\u00fcrfen, arbeiten wir mit zwei renommierten und etablierten Handwerksbetrieben in der Region zusammen.<\/p>\n<div class=\"shariff\"><ul class=\"shariff-buttons theme-default orientation-horizontal buttonsize-medium\"><li class=\"shariff-button mastodon shariff-nocustomcolor\" style=\"background-color:#563ACC\"><a href=\"https:\/\/s2f.kytta.dev\/?text=Smart%20Home%20%20%C2%B7%20%20Hausautomatisierung https%3A%2F%2Fponten-weber.de%2F%3Fpage_id%3D172\" title=\"Bei Mastodon teilen\" aria-label=\"Bei Mastodon teilen\" role=\"button\" rel=\"noopener nofollow\" class=\"shariff-link\" style=\"; background-color:#6364FF; color:#fff\" target=\"_blank\"><span class=\"shariff-icon\" style=\"\"><svg width=\"75\" height=\"79\" viewBox=\"0 0 75 79\" fill=\"none\" xmlns=\"http:\/\/www.w3.org\/2000\/svg\"><path d=\"M37.813-.025C32.462-.058 27.114.13 21.79.598c-8.544.621-17.214 5.58-20.203 13.931C-1.12 23.318.408 32.622.465 41.65c.375 7.316.943 14.78 3.392 21.73 4.365 9.465 14.781 14.537 24.782 15.385 7.64.698 15.761-.213 22.517-4.026a54.1 54.1 0 0 0 .01-6.232c-6.855 1.316-14.101 2.609-21.049 1.074-3.883-.88-6.876-4.237-7.25-8.215-1.53-3.988 3.78-.43 5.584-.883 9.048 1.224 18.282.776 27.303-.462 7.044-.837 14.26-4.788 16.65-11.833 2.263-6.135 1.215-12.79 1.698-19.177.06-3.84.09-7.692-.262-11.52C72.596 7.844 63.223.981 53.834.684a219.453 219.453 0 0 0-16.022-.71zm11.294 12.882c5.5-.067 10.801 4.143 11.67 9.653.338 1.48.471 3 .471 4.515v21.088h-8.357c-.07-7.588.153-15.182-.131-22.765-.587-4.368-7.04-5.747-9.672-2.397-2.422 3.04-1.47 7.155-1.67 10.735v6.392h-8.307c-.146-4.996.359-10.045-.404-15.002-1.108-4.218-7.809-5.565-10.094-1.666-1.685 3.046-.712 6.634-.976 9.936v14.767h-8.354c.109-8.165-.238-16.344.215-24.5.674-5.346 5.095-10.389 10.676-10.627 4.902-.739 10.103 2.038 12.053 6.631.375 1.435 1.76 1.932 1.994.084 1.844-3.704 5.501-6.739 9.785-6.771.367-.044.735-.068 1.101-.073z\"\/><defs><linearGradient id=\"paint0_linear_549_34\" x1=\"37.0692\" y1=\"0\" x2=\"37.0692\" y2=\"79\" gradientUnits=\"userSpaceOnUse\"><stop stop-color=\"#6364FF\"\/><stop offset=\"1\" stop-color=\"#563ACC\"\/><\/linearGradient><\/defs><\/svg><\/span><span class=\"shariff-text\">teilen<\/span>&nbsp;<\/a><\/li><li class=\"shariff-button facebook shariff-nocustomcolor\" style=\"background-color:#4273c8\"><a href=\"https:\/\/www.facebook.com\/sharer\/sharer.php?u=https%3A%2F%2Fponten-weber.de%2F%3Fpage_id%3D172\" title=\"Bei Facebook teilen\" aria-label=\"Bei Facebook teilen\" role=\"button\" rel=\"nofollow\" class=\"shariff-link\" style=\"; background-color:#3b5998; color:#fff\" target=\"_blank\"><span class=\"shariff-icon\" style=\"\"><svg width=\"32px\" height=\"20px\" xmlns=\"http:\/\/www.w3.org\/2000\/svg\" viewBox=\"0 0 18 32\"><path fill=\"#3b5998\" d=\"M17.1 0.2v4.7h-2.8q-1.5 0-2.1 0.6t-0.5 1.9v3.4h5.2l-0.7 5.3h-4.5v13.6h-5.5v-13.6h-4.5v-5.3h4.5v-3.9q0-3.3 1.9-5.2t5-1.8q2.6 0 4.1 0.2z\"\/><\/svg><\/span><span class=\"shariff-text\">teilen<\/span>&nbsp;<\/a><\/li><li class=\"shariff-button linkedin shariff-nocustomcolor\" style=\"background-color:#1488bf\"><a href=\"https:\/\/www.linkedin.com\/sharing\/share-offsite\/?url=https%3A%2F%2Fponten-weber.de%2F%3Fpage_id%3D172\" title=\"Bei LinkedIn teilen\" aria-label=\"Bei LinkedIn teilen\" role=\"button\" rel=\"noopener nofollow\" class=\"shariff-link\" style=\"; background-color:#0077b5; color:#fff\" target=\"_blank\"><span class=\"shariff-icon\" style=\"\"><svg width=\"32px\" height=\"20px\" xmlns=\"http:\/\/www.w3.org\/2000\/svg\" viewBox=\"0 0 27 32\"><path fill=\"#0077b5\" d=\"M6.2 11.2v17.7h-5.9v-17.7h5.9zM6.6 5.7q0 1.3-0.9 2.2t-2.4 0.9h0q-1.5 0-2.4-0.9t-0.9-2.2 0.9-2.2 2.4-0.9 2.4 0.9 0.9 2.2zM27.4 18.7v10.1h-5.9v-9.5q0-1.9-0.7-2.9t-2.3-1.1q-1.1 0-1.9 0.6t-1.2 1.5q-0.2 0.5-0.2 1.4v9.9h-5.9q0-7.1 0-11.6t0-5.3l0-0.9h5.9v2.6h0q0.4-0.6 0.7-1t1-0.9 1.6-0.8 2-0.3q3 0 4.9 2t1.9 6z\"\/><\/svg><\/span><span class=\"shariff-text\">teilen<\/span>&nbsp;<\/a><\/li><li class=\"shariff-button info shariff-nocustomcolor\" style=\"background-color:#eee\"><a href=\"http:\/\/ct.de\/-2467514\" title=\"Weitere Informationen\" aria-label=\"Weitere Informationen\" role=\"button\" rel=\"noopener \" class=\"shariff-link\" style=\"; background-color:#fff; color:#fff\" target=\"_blank\"><span class=\"shariff-icon\" style=\"\"><svg width=\"32px\" height=\"20px\" xmlns=\"http:\/\/www.w3.org\/2000\/svg\" viewBox=\"0 0 11 32\"><path fill=\"#999\" d=\"M11.4 24v2.3q0 0.5-0.3 0.8t-0.8 0.4h-9.1q-0.5 0-0.8-0.4t-0.4-0.8v-2.3q0-0.5 0.4-0.8t0.8-0.4h1.1v-6.8h-1.1q-0.5 0-0.8-0.4t-0.4-0.8v-2.3q0-0.5 0.4-0.8t0.8-0.4h6.8q0.5 0 0.8 0.4t0.4 0.8v10.3h1.1q0.5 0 0.8 0.4t0.3 0.8zM9.2 3.4v3.4q0 0.5-0.4 0.8t-0.8 0.4h-4.6q-0.4 0-0.8-0.4t-0.4-0.8v-3.4q0-0.4 0.4-0.8t0.8-0.4h4.6q0.5 0 0.8 0.4t0.4 0.8z\"\/><\/svg><\/span><\/a><\/li><\/ul><\/div>","protected":false},"excerpt":{"rendered":"<p>Seit vielen Jahren h\u00f6ren auch Sie sicherlich den Begriff \u201eSmart Home\u201c. Wann dieser zum ersten Mal verwendet wurde ist heute[&#8230;]<\/p>\n","protected":false},"author":1,"featured_media":328,"parent":36,"menu_order":0,"comment_status":"closed","ping_status":"closed","template":"","meta":{"footnotes":""},"_links":{"self":[{"href":"https:\/\/ponten-weber.de\/index.php?rest_route=\/wp\/v2\/pages\/172"}],"collection":[{"href":"https:\/\/ponten-weber.de\/index.php?rest_route=\/wp\/v2\/pages"}],"about":[{"href":"https:\/\/ponten-weber.de\/index.php?rest_route=\/wp\/v2\/types\/page"}],"author":[{"embeddable":true,"href":"https:\/\/ponten-weber.de\/index.php?rest_route=\/wp\/v2\/users\/1"}],"replies":[{"embeddable":true,"href":"https:\/\/ponten-weber.de\/index.php?rest_route=%2Fwp%2Fv2%2Fcomments&post=172"}],"version-history":[{"count":7,"href":"https:\/\/ponten-weber.de\/index.php?rest_route=\/wp\/v2\/pages\/172\/revisions"}],"predecessor-version":[{"id":597,"href":"https:\/\/ponten-weber.de\/index.php?rest_route=\/wp\/v2\/pages\/172\/revisions\/597"}],"up":[{"embeddable":true,"href":"https:\/\/ponten-weber.de\/index.php?rest_route=\/wp\/v2\/pages\/36"}],"wp:featuredmedia":[{"embeddable":true,"href":"https:\/\/ponten-weber.de\/index.php?rest_route=\/wp\/v2\/media\/328"}],"wp:attachment":[{"href":"https:\/\/ponten-weber.de\/index.php?rest_route=%2Fwp%2Fv2%2Fmedia&parent=172"}],"curies":[{"name":"wp","href":"https:\/\/api.w.org\/{rel}","templated":true}]}}